{"id":429,"date":"2025-03-31T07:08:32","date_gmt":"2025-03-31T07:08:32","guid":{"rendered":"https:\/\/thubisfmc.duyanhweb.io.vn\/?page_id=429"},"modified":"2025-03-31T07:09:55","modified_gmt":"2025-03-31T07:09:55","slug":"doi-ngu-bac-si-page","status":"publish","type":"page","link":"https:\/\/friend.web.biz.vn\/?page_id=429","title":{"rendered":"\u0110\u1ed9i ng\u0169 b\u00e1c s\u0129"},"content":{"rendered":"\n\t<section class=\"section\" id=\"section_1327996392\">\n\t\t<div class=\"section-bg fill\" >\n\t\t\t\t\t\t\t\t\t\n\t\t\t\n\n\t\t<\/div>\n\n\t\t\n\n\t\t<div class=\"section-content relative\">\n\t\t\t\n<div class=\"row row-small\"  id=\"row-294671856\">\n\n\t<div id=\"col-1011624129\" class=\"col small-12 large-12\"  data-animate=\"fadeInUp\">\n\t\t\t\t<div class=\"col-inner\"  >\n\t\t\t\n\t\t\t\n\t<div id=\"text-3607041993\" class=\"text text-title-t-1\">\n\t\t\n<h2>\u0110\u1ed9i Ng\u0169 B\u00e1c S\u0129 Chuy\u00ean Khoa Gi\u00e0u Kinh Nghi\u1ec7m<\/h2>\n\t\t\n<style>\n#text-3607041993 {\n  text-align: center;\n}\n<\/style>\n\t<\/div>\n\t\n\t<div id=\"gap-1235438833\" class=\"gap-element clearfix\" style=\"display:block; height:auto;\">\n\t\t\n<style>\n#gap-1235438833 {\n  padding-top: 20px;\n}\n<\/style>\n\t<\/div>\n\t\n<div class=\"row\"  id=\"row-789332802\">\n\n\t<div id=\"col-92693086\" class=\"col small-12 large-12\"  >\n\t\t\t\t<div class=\"col-inner\"  >\n\t\t\t\n\t\t\t\n\t<div id=\"text-2387507370\" class=\"text text-tieu-t\">\n\t\t\n<h2><span style=\"color: #01b0f1;\">Chuy\u00ean Khoa S\u1ea3n Ph\u1ee5 Khoa<\/span><\/h2>\n<p>Ph\u00f2ng kh\u00e1m t\u1ef1 h\u00e0o v\u1edbi \u0111\u1ed9i ng\u0169 b\u00e1c s\u0129 gi\u00e0u kinh nghi\u1ec7m \u0111\u1ebfn t\u1eeb B\u1ec7nh vi\u1ec7n T\u1eeb D\u0169 &#8211; m\u1ed9t trong nh\u1eefng trung t\u00e2m s\u1ea3n khoa h\u00e0ng \u0111\u1ea7u khu v\u1ef1c ph\u00eda Nam. C\u00e1c b\u00e1c s\u0129 chuy\u00ean v\u1ec1 \u0111i\u1ec1u tr\u1ecb c\u00e1c b\u1ec7nh l\u00fd ph\u1ee5 khoa ph\u1ee9c t\u1ea1p nh\u01b0 u x\u01a1 t\u1eed cung, u nang bu\u1ed3ng tr\u1ee9ng, v\u00e0 t\u1ea7m so\u00e1t ung th\u01b0 c\u1ed5 t\u1eed cung. \u0110\u1ed3ng th\u1eddi, ch\u00fang t\u00f4i cung c\u1ea5p d\u1ecbch v\u1ee5 ch\u0103m s\u00f3c thai s\u1ea3n to\u00e0n di\u1ec7n, t\u1eeb kh\u00e1m thai \u0111\u1ecbnh k\u1ef3, s\u00e0ng l\u1ecdc tr\u01b0\u1edbc sinh \u0111\u1ebfn h\u1ed7 tr\u1ee3 sinh t\u1ea1i B\u1ec7nh vi\u1ec7n T\u1eeb D\u0169.<\/p>\n\t\t\t<\/div>\n\t\n<div class=\"row align-equal\"  id=\"row-682010473\">\n\n\t<div id=\"col-1817883906\" class=\"col medium-4 small-12 large-4\"  >\n\t\t\t\t<div class=\"col-inner\"  >\n\t\t\t\n\t\t\t\n\n\t\t<div class=\"icon-box featured-box box-t-1 icon-box-left text-left\"  >\n\t\t\t\t\t<div class=\"icon-box-img\" style=\"width: 75px\">\n\t\t\t\t<div class=\"icon\">\n\t\t\t\t\t<div class=\"icon-inner\" >\n\t\t\t\t\t\t<img loading=\"lazy\" decoding=\"async\" width=\"1706\" height=\"1706\" src=\"https:\/\/friend.web.biz.vn\/wp-content\/uploads\/doctor1.webp\" class=\"attachment-medium size-medium\" alt=\"\" srcset=\"https:\/\/friend.web.biz.vn\/wp-content\/uploads\/doctor1.webp 1706w, https:\/\/friend.web.biz.vn\/wp-content\/uploads\/doctor1-600x600.webp 600w, https:\/\/friend.web.biz.vn\/wp-content\/uploads\/doctor1-100x100.webp 100w\" sizes=\"(max-width: 1706px) 100vw, 1706px\" \/>\t\t\t\t\t<\/div>\n\t\t\t\t<\/div>\n\t\t\t<\/div>\n\t\t\t\t<div class=\"icon-box-text last-reset\">\n\t\t\t\t\t\t\t\t\t\n\t<div id=\"text-955806281\" class=\"text text-box-t-1\">\n\t\t\n<h3>BS. CKI. Nguy\u1ec5n Ho\u00e0ng Lam<\/h3>\n<p>BV Ph\u1ee5 S\u1ea3n T\u1eeb D\u0169<\/p>\n\t\t\t<\/div>\n\t\n\t\t<\/div>\n\t<\/div>\n\t\n\t\n\t\t<\/div>\n\t\t\t\t\t<\/div>\n\n\t\n\n\t<div id=\"col-836378394\" class=\"col medium-4 small-12 large-4\"  >\n\t\t\t\t<div class=\"col-inner\"  >\n\t\t\t\n\t\t\t\n\n\t\t<div class=\"icon-box featured-box box-t-1 icon-box-left text-left\"  >\n\t\t\t\t\t<div class=\"icon-box-img\" style=\"width: 75px\">\n\t\t\t\t<div class=\"icon\">\n\t\t\t\t\t<div class=\"icon-inner\" >\n\t\t\t\t\t\t<img loading=\"lazy\" decoding=\"async\" width=\"452\" height=\"452\" src=\"https:\/\/friend.web.biz.vn\/wp-content\/uploads\/doctor2.webp\" class=\"attachment-medium size-medium\" alt=\"\" srcset=\"https:\/\/friend.web.biz.vn\/wp-content\/uploads\/doctor2.webp 452w, https:\/\/friend.web.biz.vn\/wp-content\/uploads\/doctor2-100x100.webp 100w\" sizes=\"(max-width: 452px) 100vw, 452px\" \/>\t\t\t\t\t<\/div>\n\t\t\t\t<\/div>\n\t\t\t<\/div>\n\t\t\t\t<div class=\"icon-box-text last-reset\">\n\t\t\t\t\t\t\t\t\t\n\t<div id=\"text-243909755\" class=\"text text-box-t-1\">\n\t\t\n<h3>BS.CKI. \u0110\u00e0o Ho\u00e0ng Hoa H\u1ea3i \u00c2u<\/h3>\n<p>BV H\u00f9ng V\u01b0\u01a1ng<\/p>\n\t\t\t<\/div>\n\t\n\t\t<\/div>\n\t<\/div>\n\t\n\t\n\t\t<\/div>\n\t\t\t\t\t<\/div>\n\n\t\n\n\t<div id=\"col-424912584\" class=\"col medium-4 small-12 large-4\"  >\n\t\t\t\t<div class=\"col-inner\"  >\n\t\t\t\n\t\t\t\n\n\t\t<div class=\"icon-box featured-box box-t-1 icon-box-left text-left\"  >\n\t\t\t\t\t<div class=\"icon-box-img\" style=\"width: 75px\">\n\t\t\t\t<div class=\"icon\">\n\t\t\t\t\t<div class=\"icon-inner\" >\n\t\t\t\t\t\t<img loading=\"lazy\" decoding=\"async\" width=\"536\" height=\"536\" src=\"https:\/\/friend.web.biz.vn\/wp-content\/uploads\/doctor3.webp\" class=\"attachment-medium size-medium\" alt=\"\" srcset=\"https:\/\/friend.web.biz.vn\/wp-content\/uploads\/doctor3.webp 536w, https:\/\/friend.web.biz.vn\/wp-content\/uploads\/doctor3-100x100.webp 100w\" sizes=\"(max-width: 536px) 100vw, 536px\" \/>\t\t\t\t\t<\/div>\n\t\t\t\t<\/div>\n\t\t\t<\/div>\n\t\t\t\t<div class=\"icon-box-text last-reset\">\n\t\t\t\t\t\t\t\t\t\n\t<div id=\"text-4242563510\" class=\"text text-box-t-1\">\n\t\t\n<h3>BS. CKI. Nguy\u1ec5n TH\u1ecb Vi\u1ec7t Linh<\/h3>\n<p>BV T\u1eeb D\u0169<\/p>\n\t\t\t<\/div>\n\t\n\t\t<\/div>\n\t<\/div>\n\t\n\t\n\t\t<\/div>\n\t\t\t\t\t<\/div>\n\n\t\n\n<style>\n#row-682010473 > .col > .col-inner {\n  padding: 15px 15px 15px 15px;\n  background-color: rgb(248, 249, 250);\n  border-radius: 10px;\n}\n<\/style>\n<\/div>\n\t\t<\/div>\n\t\t\t\t\t<\/div>\n\n\t\n\n<style>\n#row-789332802 > .col > .col-inner {\n  padding: 15px 15px 15px 15px;\n  background-color: rgb(255, 255, 255);\n  border-radius: 5px;\n}\n<\/style>\n<\/div>\n<div class=\"row\"  id=\"row-963588915\">\n\n\t<div id=\"col-666442747\" class=\"col small-12 large-12\"  >\n\t\t\t\t<div class=\"col-inner\"  >\n\t\t\t\n\t\t\t\n\t<div id=\"text-1746047325\" class=\"text text-tieu-t\">\n\t\t\n<h2><span style=\"color: #01b0f1;\">Chuy\u00ean Khoa Tai M\u0169i H\u1ecdng<\/span><\/h2>\n<p>Ph\u00f2ng kh\u00e1m mang \u0111\u1ebfn d\u1ecbch v\u1ee5 kh\u00e1m v\u00e0 \u0111i\u1ec1u tr\u1ecb c\u00e1c b\u1ec7nh l\u00fd tai m\u0169i h\u1ecdng ch\u1ea5t l\u01b0\u1ee3ng cao. C\u00e1c b\u00e1c s\u0129 c\u00f3 nhi\u1ec1u n\u0103m kinh nghi\u1ec7m trong \u0111i\u1ec1u tr\u1ecb c\u00e1c b\u1ec7nh l\u00fd nh\u01b0 vi\u00eam xoang m\u00e3n t\u00ednh, vi\u00eam amidan, vi\u00eam m\u0169i d\u1ecb \u1ee9ng v\u00e0 \u0111\u1eb7c bi\u1ec7t l\u00e0 t\u1ea7m so\u00e1t ung th\u01b0 v\u00f2m h\u1ecdng. Ph\u00f2ng kh\u00e1m \u0111\u01b0\u1ee3c trang b\u1ecb h\u1ec7 th\u1ed1ng n\u1ed9i soi hi\u1ec7n \u0111\u1ea1i, gi\u00fap ch\u1ea9n \u0111o\u00e1n ch\u00ednh x\u00e1c v\u00e0 \u0111i\u1ec1u tr\u1ecb hi\u1ec7u qu\u1ea3.<\/p>\n\t\t\t<\/div>\n\t\n<div class=\"row align-equal\"  id=\"row-1799837427\">\n\n\t<div id=\"col-383732457\" class=\"col medium-4 small-12 large-4\"  >\n\t\t\t\t<div class=\"col-inner\"  >\n\t\t\t\n\t\t\t\n\n\t\t<div class=\"icon-box featured-box box-t-1 icon-box-left text-left\"  >\n\t\t\t\t\t<div class=\"icon-box-img\" style=\"width: 75px\">\n\t\t\t\t<div class=\"icon\">\n\t\t\t\t\t<div class=\"icon-inner\" >\n\t\t\t\t\t\t<img loading=\"lazy\" decoding=\"async\" width=\"1857\" height=\"1857\" src=\"https:\/\/friend.web.biz.vn\/wp-content\/uploads\/doctor7.webp\" class=\"attachment-medium size-medium\" alt=\"\" srcset=\"https:\/\/friend.web.biz.vn\/wp-content\/uploads\/doctor7.webp 1857w, https:\/\/friend.web.biz.vn\/wp-content\/uploads\/doctor7-600x600.webp 600w, https:\/\/friend.web.biz.vn\/wp-content\/uploads\/doctor7-100x100.webp 100w\" sizes=\"(max-width: 1857px) 100vw, 1857px\" \/>\t\t\t\t\t<\/div>\n\t\t\t\t<\/div>\n\t\t\t<\/div>\n\t\t\t\t<div class=\"icon-box-text last-reset\">\n\t\t\t\t\t\t\t\t\t\n\t<div id=\"text-2958763190\" class=\"text text-box-t-1\">\n\t\t\n<h3>ThS. BS. CKI. S\u1eed Ng\u1ecdc Ki\u1ec1u Chinh<\/h3>\n<p>B\u1ec7nh vi\u1ec7n Ung B\u01b0\u1edbu TP.HCM<\/p>\n\t\t\t<\/div>\n\t\n\t\t<\/div>\n\t<\/div>\n\t\n\t\n\t\t<\/div>\n\t\t\t\t\t<\/div>\n\n\t\n\n<style>\n#row-1799837427 > .col > .col-inner {\n  padding: 15px 15px 15px 15px;\n  background-color: rgb(248, 249, 250);\n  border-radius: 10px;\n}\n<\/style>\n<\/div>\n\t\t<\/div>\n\t\t\t\t\t<\/div>\n\n\t\n\n<style>\n#row-963588915 > .col > .col-inner {\n  padding: 15px 15px 15px 15px;\n  background-color: rgb(255, 255, 255);\n  border-radius: 5px;\n}\n<\/style>\n<\/div>\n<div class=\"row row-small\"  id=\"row-758501637\">\n\n\t<div id=\"col-601379225\" class=\"col small-12 large-12\"  >\n\t\t\t\t<div class=\"col-inner\"  >\n\t\t\t\n\t\t\t\n\t<div id=\"text-2661798541\" class=\"text text-tieu-t\">\n\t\t\n<h2><span style=\"color: #01b0f1;\">Chuy\u00ean Khoa N\u1ed9i<\/span><\/h2>\n<p>Ph\u00f2ng kh\u00e1m quy t\u1ee5 c\u00e1c chuy\u00ean gia \u0111\u1ebfn t\u1eeb B\u1ec7nh vi\u1ec7n l\u1edbn v\u1edbi \u0111a d\u1ea1ng chuy\u00ean m\u00f4n s\u00e2u. C\u00e1c l\u0129nh v\u1ef1c chuy\u00ean s\u00e2u bao g\u1ed3m: N\u1ed9i t\u1ed5ng qu\u00e1t v\u1edbi kh\u00e1m v\u00e0 \u0111i\u1ec1u tr\u1ecb c\u00e1c b\u1ec7nh l\u00fd th\u00f4ng th\u01b0\u1eddng, Tim m\u1ea1ch chuy\u00ean ch\u1ea9n \u0111o\u00e1n v\u00e0 \u0111i\u1ec1u tr\u1ecb c\u00e1c b\u1ec7nh v\u1ec1 tim m\u1ea1ch, Tim m\u1ea1ch can thi\u1ec7p ph\u1ee5 tr\u00e1ch t\u01b0 v\u1ea5n v\u00e0 theo d\u00f5i c\u00e1c ca b\u1ec7nh ph\u1ee9c t\u1ea1p, v\u00e0 N\u1ed9i ti\u1ebft chuy\u1ec3n h\u00f3a chuy\u00ean s\u00e2u v\u1ec1 \u0111\u00e1i th\u00e1o \u0111\u01b0\u1eddng, r\u1ed1i lo\u1ea1n tuy\u1ebfn gi\u00e1p v\u00e0 c\u00e1c b\u1ec7nh chuy\u1ec3n h\u00f3a kh\u00e1c.<\/p>\n\t\t\t<\/div>\n\t\n<div class=\"row align-equal\"  id=\"row-1965010325\">\n\n\t<div id=\"col-615108489\" class=\"col medium-4 small-12 large-4\"  >\n\t\t\t\t<div class=\"col-inner\"  >\n\t\t\t\n\t\t\t\n\n\t\t<div class=\"icon-box featured-box box-t-1 icon-box-left text-left\"  >\n\t\t\t\t\t<div class=\"icon-box-img\" style=\"width: 75px\">\n\t\t\t\t<div class=\"icon\">\n\t\t\t\t\t<div class=\"icon-inner\" >\n\t\t\t\t\t\t<img loading=\"lazy\" decoding=\"async\" width=\"607\" height=\"562\" src=\"https:\/\/friend.web.biz.vn\/wp-content\/uploads\/doctor9.webp\" class=\"attachment-medium size-medium\" alt=\"\" srcset=\"https:\/\/friend.web.biz.vn\/wp-content\/uploads\/doctor9.webp 607w, https:\/\/friend.web.biz.vn\/wp-content\/uploads\/doctor9-600x556.webp 600w\" sizes=\"(max-width: 607px) 100vw, 607px\" \/>\t\t\t\t\t<\/div>\n\t\t\t\t<\/div>\n\t\t\t<\/div>\n\t\t\t\t<div class=\"icon-box-text last-reset\">\n\t\t\t\t\t\t\t\t\t\n\t<div id=\"text-805283346\" class=\"text text-box-t-1\">\n\t\t\n<h3>BS. CKI. \u0110\u1ed7 Th\u00e0nh Long<\/h3>\n<p>B\u1ec7nh vi\u1ec7n FV<\/p>\n\t\t\t<\/div>\n\t\n\t\t<\/div>\n\t<\/div>\n\t\n\t\n\t\t<\/div>\n\t\t\t\t\t<\/div>\n\n\t\n\n\t<div id=\"col-2123653822\" class=\"col medium-4 small-12 large-4\"  >\n\t\t\t\t<div class=\"col-inner\"  >\n\t\t\t\n\t\t\t\n\n\t\t<div class=\"icon-box featured-box box-t-1 icon-box-left text-left\"  >\n\t\t\t\t\t<div class=\"icon-box-img\" style=\"width: 75px\">\n\t\t\t\t<div class=\"icon\">\n\t\t\t\t\t<div class=\"icon-inner\" >\n\t\t\t\t\t\t<img loading=\"lazy\" decoding=\"async\" width=\"207\" height=\"182\" src=\"https:\/\/friend.web.biz.vn\/wp-content\/uploads\/doctor10.webp\" class=\"attachment-medium size-medium\" alt=\"\" \/>\t\t\t\t\t<\/div>\n\t\t\t\t<\/div>\n\t\t\t<\/div>\n\t\t\t\t<div class=\"icon-box-text last-reset\">\n\t\t\t\t\t\t\t\t\t\n\t<div id=\"text-502920076\" class=\"text text-box-t-1\">\n\t\t\n<h3>BS.CKI. Nguy\u1ec5n Anh Ho\u00e0ng<\/h3>\n<p>B\u1ec7nh vi\u1ec7n FV<\/p>\n\t\t\t<\/div>\n\t\n\t\t<\/div>\n\t<\/div>\n\t\n\t\n\t\t<\/div>\n\t\t\t\t\t<\/div>\n\n\t\n\n\n<style>\n#row-1965010325 > .col > .col-inner {\n  padding: 15px 15px 15px 15px;\n  background-color: rgb(248, 249, 250);\n  border-radius: 10px;\n}\n<\/style>\n<\/div>\n\t\t<\/div>\n\t\t\t\t\t<\/div>\n\n\t\n\n<style>\n#row-758501637 > .col > .col-inner {\n  padding: 15px 15px 15px 15px;\n  background-color: rgb(255, 255, 255);\n  border-radius: 5px;\n}\n<\/style>\n<\/div>\n\t\t<\/div>\n\t\t\t\t\t<\/div>\n\n\t\n<\/div>\n\t\t<\/div>\n\n\t\t\n<style>\n#section_1327996392 {\n  padding-top: 30px;\n  padding-bottom: 30px;\n  background-color: rgba(20, 145, 225, 0.07);\n}\n<\/style>\n\t<\/section>\n\t\n","protected":false},"excerpt":{"rendered":"","protected":false},"author":1,"featured_media":0,"parent":0,"menu_order":0,"comment_status":"closed","ping_status":"closed","template":"page-blank.php","meta":{"footnotes":""},"class_list":["post-429","page","type-page","status-publish","hentry"],"yoast_head":"<!-- This site is optimized with the Yoast SEO Premium plugin v23.2 (Yoast SEO v23.7) - https:\/\/yoast.com\/wordpress\/plugins\/seo\/ -->\n<title>\u0110\u1ed9i ng\u0169 b\u00e1c s\u0129 - Friend Medical Clinic<\/title>\n<meta name=\"robots\" content=\"noindex, follow, max-snippet:-1, max-image-preview:large, max-video-preview:-1\" \/>\n<meta property=\"og:locale\" content=\"vi_VN\" \/>\n<meta property=\"og:type\" content=\"article\" \/>\n<meta property=\"og:title\" content=\"\u0110\u1ed9i ng\u0169 b\u00e1c s\u0129\" \/>\n<meta property=\"og:url\" content=\"https:\/\/friend.web.biz.vn\/?page_id=429\" \/>\n<meta property=\"og:site_name\" content=\"Friend Medical Clinic\" \/>\n<meta property=\"article:modified_time\" content=\"2025-03-31T07:09:55+00:00\" \/>\n<meta name=\"twitter:card\" content=\"summary_large_image\" \/>\n<meta name=\"twitter:label1\" content=\"\u01af\u1edbc t\u00ednh th\u1eddi gian \u0111\u1ecdc\" \/>\n\t<meta name=\"twitter:data1\" content=\"3 ph\u00fat\" \/>\n<script type=\"application\/ld+json\" class=\"yoast-schema-graph\">{\"@context\":\"https:\/\/schema.org\",\"@graph\":[{\"@type\":\"WebPage\",\"@id\":\"https:\/\/friend.web.biz.vn\/?page_id=429\",\"url\":\"https:\/\/friend.web.biz.vn\/?page_id=429\",\"name\":\"\u0110\u1ed9i ng\u0169 b\u00e1c s\u0129 - Friend Medical Clinic\",\"isPartOf\":{\"@id\":\"https:\/\/friend.web.biz.vn\/#website\"},\"datePublished\":\"2025-03-31T07:08:32+00:00\",\"dateModified\":\"2025-03-31T07:09:55+00:00\",\"breadcrumb\":{\"@id\":\"https:\/\/friend.web.biz.vn\/?page_id=429#breadcrumb\"},\"inLanguage\":\"vi\",\"potentialAction\":[{\"@type\":\"ReadAction\",\"target\":[\"https:\/\/friend.web.biz.vn\/?page_id=429\"]}]},{\"@type\":\"BreadcrumbList\",\"@id\":\"https:\/\/friend.web.biz.vn\/?page_id=429#breadcrumb\",\"itemListElement\":[{\"@type\":\"ListItem\",\"position\":1,\"name\":\"Trang ch\u1ee7\",\"item\":\"https:\/\/friend.web.biz.vn\/\"},{\"@type\":\"ListItem\",\"position\":2,\"name\":\"\u0110\u1ed9i ng\u0169 b\u00e1c s\u0129\"}]},{\"@type\":\"WebSite\",\"@id\":\"https:\/\/friend.web.biz.vn\/#website\",\"url\":\"https:\/\/friend.web.biz.vn\/\",\"name\":\"Friend Medical Clinic\",\"description\":\"\",\"potentialAction\":[{\"@type\":\"SearchAction\",\"target\":{\"@type\":\"EntryPoint\",\"urlTemplate\":\"https:\/\/friend.web.biz.vn\/?s={search_term_string}\"},\"query-input\":{\"@type\":\"PropertyValueSpecification\",\"valueRequired\":true,\"valueName\":\"search_term_string\"}}],\"inLanguage\":\"vi\"}]}<\/script>\n<!-- \/ Yoast SEO Premium plugin. -->","yoast_head_json":{"title":"\u0110\u1ed9i ng\u0169 b\u00e1c s\u0129 - Friend Medical Clinic","robots":{"index":"noindex","follow":"follow","max-snippet":"max-snippet:-1","max-image-preview":"max-image-preview:large","max-video-preview":"max-video-preview:-1"},"og_locale":"vi_VN","og_type":"article","og_title":"\u0110\u1ed9i ng\u0169 b\u00e1c s\u0129","og_url":"https:\/\/friend.web.biz.vn\/?page_id=429","og_site_name":"Friend Medical Clinic","article_modified_time":"2025-03-31T07:09:55+00:00","twitter_card":"summary_large_image","twitter_misc":{"\u01af\u1edbc t\u00ednh th\u1eddi gian \u0111\u1ecdc":"3 ph\u00fat"},"schema":{"@context":"https:\/\/schema.org","@graph":[{"@type":"WebPage","@id":"https:\/\/friend.web.biz.vn\/?page_id=429","url":"https:\/\/friend.web.biz.vn\/?page_id=429","name":"\u0110\u1ed9i ng\u0169 b\u00e1c s\u0129 - Friend Medical Clinic","isPartOf":{"@id":"https:\/\/friend.web.biz.vn\/#website"},"datePublished":"2025-03-31T07:08:32+00:00","dateModified":"2025-03-31T07:09:55+00:00","breadcrumb":{"@id":"https:\/\/friend.web.biz.vn\/?page_id=429#breadcrumb"},"inLanguage":"vi","potentialAction":[{"@type":"ReadAction","target":["https:\/\/friend.web.biz.vn\/?page_id=429"]}]},{"@type":"BreadcrumbList","@id":"https:\/\/friend.web.biz.vn\/?page_id=429#breadcrumb","itemListElement":[{"@type":"ListItem","position":1,"name":"Trang ch\u1ee7","item":"https:\/\/friend.web.biz.vn\/"},{"@type":"ListItem","position":2,"name":"\u0110\u1ed9i ng\u0169 b\u00e1c s\u0129"}]},{"@type":"WebSite","@id":"https:\/\/friend.web.biz.vn\/#website","url":"https:\/\/friend.web.biz.vn\/","name":"Friend Medical Clinic","description":"","potentialAction":[{"@type":"SearchAction","target":{"@type":"EntryPoint","urlTemplate":"https:\/\/friend.web.biz.vn\/?s={search_term_string}"},"query-input":{"@type":"PropertyValueSpecification","valueRequired":true,"valueName":"search_term_string"}}],"inLanguage":"vi"}]}},"_links":{"self":[{"href":"https:\/\/friend.web.biz.vn\/index.php?rest_route=\/wp\/v2\/pages\/429"}],"collection":[{"href":"https:\/\/friend.web.biz.vn\/index.php?rest_route=\/wp\/v2\/pages"}],"about":[{"href":"https:\/\/friend.web.biz.vn\/index.php?rest_route=\/wp\/v2\/types\/page"}],"author":[{"embeddable":true,"href":"https:\/\/friend.web.biz.vn\/index.php?rest_route=\/wp\/v2\/users\/1"}],"replies":[{"embeddable":true,"href":"https:\/\/friend.web.biz.vn\/index.php?rest_route=%2Fwp%2Fv2%2Fcomments&post=429"}],"version-history":[{"count":2,"href":"https:\/\/friend.web.biz.vn\/index.php?rest_route=\/wp\/v2\/pages\/429\/revisions"}],"predecessor-version":[{"id":433,"href":"https:\/\/friend.web.biz.vn\/index.php?rest_route=\/wp\/v2\/pages\/429\/revisions\/433"}],"wp:attachment":[{"href":"https:\/\/friend.web.biz.vn\/index.php?rest_route=%2Fwp%2Fv2%2Fmedia&parent=429"}],"curies":[{"name":"wp","href":"https:\/\/api.w.org\/{rel}","templated":true}]}}